i. Let t = -28 - g. List the prime factors of 8/(-28) - 468/t.
2, 11
Let w(f) = 20*f + 12. Let u(i) = 1 + 1 - 7 - 5*i + 2. Let z(t) = -26*u(t) - 6*w(t). What are the prime factors of z(3)?
2, 3
Suppose 0 = 4*x + 4*c - 256, -2*x + c + 143 = 6*c. Let l(y) = -17*y - 22. Let t be l(-7). Let i = t - x. List the prime factors of i.
2, 19
Let g(n) = -n - 7. Let v be g(-7). Suppose -17*p + 18*p - 3 = v. Suppose -5*d - 15 = 0, -5*a = -2*d + p*d - 312. List the prime factors of a.
3, 7
What are the prime factors of (0/1 - -54) + 5 + -2?
3, 19
Let g = 33 - 105. What are the prime factors of ((-1)/(3/10))/(g/2160)?
2, 5
Let u(i) = -21*i - 45. What are the prime factors of u(-17)?
2, 3, 13
Let n = 262 - 236. What are the prime factors of n?
2, 13
Suppose 0 = 6*c - c - 10. Suppose -3 = -c*y + 1. Suppose -6*o + 64 = -y*o. List the prime factors of o.
2
Let z = -6 + 6. Suppose -4*h + 100 + 148 = z. What are the prime factors of h?
2, 31
Let u = -16 + 152. List the prime factors of u.
2, 17
Suppose 3 = 5*b - 7. Suppose k + 0 = b. Suppose 0 = -r - 3*j - k*j - 2, 3*r - 2*j = 79. What are the prime factors of r?
23
Let c(x) = 2*x - 5. Let d be c(9). Let w(t) = 2*t - 18. Let n be w(d). Let r(z) = z**2 - 3*z - 8. List the prime factors of r(n).
2
Let t(q) = 8*q - 2. Suppose 6*i + 4 = 46. Suppose i = -4*j + 27. What are the prime factors of t(j)?
2, 19
Let q(z) = 7*z - 13. Let s(x) = 6*x - 12. Let f(y) = 5*q(y) - 6*s(y). Let a be f(4). Suppose a*k = 173 - 62. List the prime factors of k.
37
Suppose -952 = -3*c + 482. Suppose -5*h + c = -2*b, -2*h - b + 2*b = -192. List the prime factors of h.
2, 47
Suppose 19*y - 14*y - 595 = 0. What are the prime factors of y?
7, 17
Let p = 1065 - -55. List the prime factors of p.
2, 5, 7
Let g(i) = -26*i + 319. What are the prime factors of g(-6)?
5, 19
Let a be (-3)/(4/(-400)*6). Let r = 18 + a. List the prime factors of r.
2, 17
Suppose 3*p = 6620 + 6733. What are the prime factors of p?
4451
Suppose -4*s + 4*f + 274 = -194, 0 = 5*s + 4*f - 585. Suppose 0 = m - 4*h - s, 2*m - m - 5*h = 121. What are the prime factors of m?
101
Let f(x) = x**2 + 8*x + 7. Let j be f(-7). Suppose j = 5*r + k - 800, -3*k + 487 = 3*r - k. List the prime factors of r.
3, 53
Let b = -51 + 733. List the prime factors of b.
2, 11, 31
Suppose h + 125 = 3*m, -8 = h - 3*h. Let x = 23 + m. List the prime factors of x.
2, 3, 11
Suppose -3 = -g + 2*y + 6, -14 = 4*g + 2*y. What are the prime factors of (2 + g - 0) + (108 - 11)?
2, 7
Let o = -8346 - -12320. What are the prime factors of o?
2, 1987
Let k be 2/9 - ((-7880)/(-36))/(-5). Let l = k + -20. What are the prime factors of l?
2, 3
Suppose -2*j - j = -999. Suppose -o - 101 = -r + 11, 0 = -3*r + 2*o + j. What are the prime factors of r?
109
Let z be (-2)/(-13) + (-300)/(-78). Suppose -z*p + 3*a = -166, -4*a - 20 = -5*p + 188. List the prime factors of p.
2, 5
Let r = 1909 + -1356. List the prime factors of r.
7, 79
List the prime factors of ((-40)/(-12))/((-9)/(-2538)).
2, 5, 47
Let i = -656 - -986. List the prime factors of i.
2, 3, 5, 11
Suppose -3*v = 117 - 369. Suppose 52 = -n + v. List the prime factors of n.
2
Let s = -163 + 168. Suppose s*x - 540 - 30 = 0. List the prime factors of x.
2, 3, 19
Let b(x) = -x**2 + 7*x - 2. Let l be b(6). Suppose -4*g = 4*u - 79 - 21, -l*g + 72 = -3*u. Suppose g = 7*z - 0*z. What are the prime factors of z?
3
Let c(x) = x + 5. Suppose -8*q = -3*q + 25. Let s be c(q). Suppose s = -5*w - v + 37, 5*v - 6 = w - 29. List the prime factors of w.
2
Let r(i) = 0 - i**2 + 10 + 3 - 13*i. List the prime factors of r(-10).
43
Let i(h) = 1250*h**2 + 11*h + 12. What are the prime factors of i(-1)?
3, 139
Suppose -15*d - 331 = -4*a - 12*d, -79 = -a - 3*d. List the prime factors of a.
2, 41
Suppose 0 = 6*w - 2623 - 2249. Suppose -h + 5*h = w. List the prime factors of h.
7, 29
Let g(l) be the first derivative of 2*l**2 - 7*l + 1. Let q be g(6). Suppose 0 = -3*a - 0*a + z + 47, a - z = q. What are the prime factors of a?
3, 5
Let u(y) = y + 100. What are the prime factors of u(10)?
2, 5, 11
Let n(u) = u**2 - 4*u - 10. Let z be n(6). Suppose -45 = -2*m - z*i + 165, 0 = i + 2. List the prime factors of m.
107
Let h be 1 + (-3)/(-6)*2. Suppose 2*w = w + h. List the prime factors of 0 + w - (-2 + 2).
2
Suppose -3*b + 10 - 1 = 0. Suppose r + b*r = 16, -r - 377 = -3*k. What are the prime factors of k?
127
Suppose -2*x + 7*x + 2*z - 671 = 0, -3*x + z + 407 = 0. Suppose 0 = -0*a + 4*a - 3*u - 181, 3*a - 3*u = x. List the prime factors of a.
2, 23
Suppose 9*r - 11*r = -22. Suppose -r*h = -15*h + 388. What are the prime factors of h?
97
Let h = 7541 - 5278. List the prime factors of h.
31, 73
Suppose 6*k - 90258 = -36*k. What are the prime factors of k?
7, 307
Suppose 301 = 5*y + 3*b - 500, 793 = 5*y - b. List the prime factors of y.
3, 53
Let l(z) = -4*z + 2. Let m(x) = 12*x + 15. Let i be m(-2). List the prime factors of l(i).
2, 19
Let t be 1*-5*((-2233)/35 + -8). Suppose -2*l - 2*l = -c - t, 0 = -5*c + 5. What are the prime factors of l?
2, 3, 5
Suppose 0 = -19*d + 6*d + 169. Let m(t) be the second derivative of t**4/12 - 11*t**3/6 - 13*t**2/2 - 2*t. What are the prime factors of m(d)?
13
Let t(c) be the third derivative of c**6/120 - c**5/60 - c**4/8 + 2*c**3/3 + 10*c**2. List the prime factors of t(4).
2, 5
Let y(i) = i + 2. Let o be y(13). Let g = o - 13. Suppose -3*a + 8 = -g*a. List the prime factors of a.
2
Let k be (-3 + -2 + 0)*1 - -3. Suppose 5*d + 222 = -698. What are the prime factors of ((-4)/(-8))/(k/d)?
2, 23
Suppose -4*y + 31 = -2*y - 5*t, 35 = 5*y - 4*t. Suppose v + 0*n + y*n + 24 = 0, -4*v - 56 = 2*n. Let w = 5 - v. List the prime factors of w.
17
What are the prime factors of (4 + -2)*857 - 6?
2, 7, 61
Suppose 5*g - 686 + 131 = 0. Suppose k + 51 - 241 = 3*p, -4*k - 5*p + 726 = 0. Let m = k - g. List the prime factors of m.
73
List the prime factors of (14 + -4)*175/14.
5
Let z(n) = -n**2 - 17*n - 26. Let b be z(-15). List the prime factors of (88 - b/((-8)/6))/1.
7, 13
Let q(j) = 6*j**3 - 2*j**2 + 1. Let z be q(1). Let x = z - 1. Suppose -x*p + 13 = -15. What are the prime factors of p?
7
Let l be -5*(3 + 4 + -2). Let c be 1/2 - l/(-2). Let d = c - -56. What are the prime factors of d?
2, 11
Let l(r) = -3*r + 169. Let b = -25 - -25. What are the prime factors of l(b)?
13
List the prime factors of 723 + (2/11 - 6/33).
3, 241
Suppose 5*r + 2*h = -2*h + 122, -3*r + 76 = h. What are the prime factors of r*-7*(-4)/8?
7, 13
Suppose 0 = -2*c - 3*o - 737, -c - 2*o - 736 = c. Let d = -181 - c. List the prime factors of d.
2, 3, 31
Suppose 40 = 5*n + u, -n = 2*n - 5*u - 24. List the prime factors of (-50)/4*42/(-35)*n.
2, 3, 5
Let t = -115 - -203. Suppose -14*u - t = -16*u. What are the prime factors of u?
2, 11
Let g(f) = 2*f**2 + 11*f - 2. Let l be 3/(1 + 40/(-35)). Let d = l + 15. What are the prime factors of g(d)?
2
Suppose 0 = 5*f - 6*a + 2*a + 103, 3*f + 4*a = -81. Suppose 5*u - 217 + 382 = 0. Let c = f - u. List the prime factors of c.
2, 5
Let z(o) = -o**3 - o**2 + o + 1. Let t be z(1). Let u = -9 + 13. Suppose -5*x = -4*i - 248, t*x + 214 = u*x + 2*i. What are the prime factors of x?
2, 13
Let o(k) = k**3 + 15*k**2 - 4*k - 13. Let t be o(-15). Let i be 1/(3 + t/(-16)). Suppose 0 = -3*b + 2*w + 17, 4*w + i = 5*b - 15. List the prime factors of b.
3
Let f be (1 + (-19)/1)*(-420)/(-63). What are the prime factors of (-5)/(5/f*3)?
2, 5
Let c(w) = -109*w + 15. List the prime factors of c(-5).
2, 5, 7
Suppose 2 = j + 6. Let a(m) = -4*m**3 - 9*m**2 - m + 3. Let g(w) = 5*w**3 + 10*w**2 - 3. Let y(v) = -4*a(v) - 3*g(v). What are the prime factors of y(j)?
13
Suppose 14*g + 4*w = 12*g + 6430, 6430 = 2*g - 5*w. What are the prime factors of g?
5, 643
Suppose 28*c = 26*c + 410. List the prime factors of c.
5, 41
Let r(s) = 111*s**3 - 107*s**3 + 12*s + 12*s**2 - 5*s - 6. Let m(j) = -3*j**3 - 11*j**2 - 7*j + 7. Let h(o) = -3*m(o) - 2*r(o). List the prime factors of h(-7).
2, 5
Let g(f) = f**2 - 12*f + 131. List the prime factors of g(23).
2, 3
Let s(y) = 2*y**2 - 2*y + 181. Suppose 4*k - 6*k + 6*k = 0. List the prime factors of s(k).
181
Let q(c) = c - 8. Suppose -k + 7*k - 12 = 0. Suppose 11 = 3*v + k*u - 43, -3*u = 0. List the prime factors of q(v).
2, 5
Let y(r) = r + 16. Let j be